- 33. Let d be q(-3). Let y = 13 - d. What are the prime factors of y?
2, 5
Let r(z) = z**3 + 11. Let a be r(0). Let l = a - 16. Let j = 36 + l. List the prime factors of j.
31
Let n be (-4 + 10)*(-9)/6. What are the prime factors of n*(30/(-9) - -1)?
3, 7
List the prime factors of 24/(-16)*-235*12/9.
2, 5, 47
Suppose -n - n + 8 = 0. Suppose -4*z = -z, z + 280 = n*l. What are the prime factors of l?
2, 5, 7
Let r = -187 + 349. Suppose -198 = -3*j + r. List the prime factors of j.
2, 3, 5
Let c be (4 + (7 - -2))*-1. Let q = -31 - c. List the prime factors of (q - (0 - -1))*-2.
2, 19
Let x(n) = n + 10. Let v be x(6). Suppose -2*g + 0*g - 2*p + v = 0, 13 = 2*g + p. What are the prime factors of g?
5
Let o(a) = 4*a + 49. List the prime factors of o(0).
7
Let b = -4 - -2. Let g(m) = 5*m + 5. Let o be g(b). Let r(q) = -q**3 - 6*q**2 - 11*q + 1. What are the prime factors of r(o)?
31
Let s(w) = -w**3 + 2*w + 2. Let x be s(-2). Suppose x - 16 = 5*t, 4*t = a - 120. What are the prime factors of a?
2, 7
Let f(m) be the third derivative of -5*m**4/24 + 25*m**3/2 + 2*m**2 - 6. List the prime factors of f(-25).
2, 5
Let m be (5 + -4)/(1/2). Suppose v + 19 = 3*f, 0 = m*f - 4*f - 5*v - 10. Suppose -21 + 56 = f*l. What are the prime factors of l?
7
Suppose 3*t + t - 10 = 2*j, -3*t = 3*j - 30. Suppose -t*z + 11 = -84. Suppose 3*u - 4*u = 3*x - z, -4*x - 83 = -3*u. List the prime factors of u.
5
Let m = -1310 + 4066. What are the prime factors of m?
2, 13, 53
Let i(k) = -14*k + 1. Suppose j = -j + 2*h - 14, 0 = 3*j + 2*h - 4. Let o be 1/(j/8 + 0). List the prime factors of i(o).
3, 19
Let s = 840 - 107. List the prime factors of s.
733
Suppose 4*q + 4 = 5*q. Suppose -65 - 57 = -g. Suppose 0 = -q*v - 5*u + g, v + 2*u = 4*u + 24. List the prime factors of v.
2, 7
Suppose -5*i = -5*f + 210, 0 = 3*i + 2*i - 25. Suppose -229 + f = -7*g. List the prime factors of g.
2, 13
Let z = -535 + 1097. List the prime factors of z.
2, 281
Suppose -11066 = -28*p - 1994. List the prime factors of p.
2, 3
Let b(p) = -3*p - 1. Let l(k) = -2*k. Let h(j) = 5*b(j) - 6*l(j). List the prime factors of h(-7).
2
Suppose -2*m + 4*k + 8348 = m, 2*m - 5572 = k. What are the prime factors of m?
2, 17, 41
Let w = 1951 - 754. What are the prime factors of w?
3, 7, 19
Let t = 45 + -28. Let w = t + 6. Let s = w - -3. List the prime factors of s.
2, 13
Suppose -105 = -3*o - 4*j, -4*o - 4*j + 2*j = -150. List the prime factors of (1 - o/(-9))*15.
2, 5
Let h = -15 + 41. Let b = 108 + h. List the prime factors of b.
2, 67
Let b(p) = p**3 - 8*p**2 - 10. Let i be b(8). Let s(z) = z**3 + 12*z**2 + 9*z - 23. Let m be s(i). Suppose -5*x + 382 - m = 0. List the prime factors of x.
59
Suppose 0*q = -5*q + 5. Let s(x) = 9*x + q + 4 + x - 7. List the prime factors of s(5).
2, 3
Suppose 0 = 4*p - 2*t - 17864, -3*t = 2*p - 8750 - 174. What are the prime factors of p?
5, 19, 47
Let t(v) = -48 + 4*v + 6*v - v. List the prime factors of t(10).
2, 3, 7
Suppose 2*x + b + 37 + 46 = 0, 3*x - 5*b = -105. Suppose 7*s - 264 = 3*s. Let n = x + s. What are the prime factors of n?
2, 13
Let k(v) = -6*v - 5. Let g be k(-4). Let r = 7 - g. Let l = r - -40. List the prime factors of l.
2, 7
Suppose 0 = -15*j + 1360 - 250. Let a = 204 - j. What are the prime factors of a?
2, 5, 13
Suppose -2*z + 11 - 1 = 0. Let a be -4 + (z - (-3 + 4)). List the prime factors of 50 + (0 - a) + 2.
2, 13
Let m(y) = -y**2 - 97*y - 593. List the prime factors of m(-60).
1627
Suppose 1 = 3*d - 5. Suppose q + 4*o - 133 = -o, -q + d*o = -168. List the prime factors of q.
2, 79
Let f(d) = 10*d**3 + 99*d**2 + 8*d - 22. What are the prime factors of f(-9)?
5, 127
List the prime factors of (20470/(-184))/(1/(-8)).
2, 5, 89
Let r(h) be the second derivative of h**5/10 - h**4/3 + h**3/6 - 3*h**2/2 + 9*h. What are the prime factors of r(4)?
5, 13
Let x(z) be the second derivative of -z**4/12 - 2*z**3/3 + 52*z**2 + 21*z. What are the prime factors of x(0)?
2, 13
Suppose 0 = 8*s - 4*s - 5*o + 2, 0 = -4*o + 8. List the prime factors of (s/(-3))/(2/(-171)).
3, 19
Suppose 3*t = c - 2 - 10, 0 = -3*c + t + 68. What are the prime factors of c/60 - (-188)/5?
2, 19
Suppose 2*x + 3 = 21. Suppose n = -x*n + 710. List the prime factors of n.
71
Suppose 31*y + 8*y = 42315. What are the prime factors of y?
5, 7, 31
Suppose -2097 = -f + b + 1162, 0 = -2*f - 3*b + 6523. List the prime factors of f.
2, 5, 163
Let j = 2440 - -833. What are the prime factors of j?
3, 1091
Suppose 5*o + 51 = 3*k - 48, 4*k = -o + 155. Suppose 3*i - k = i. Suppose 2*a - 2*s - 62 = 0, -s + 130 + i = 4*a. What are the prime factors of a?
2, 3
Let l(z) = 4*z**3 - z**2 - 8*z + 2. What are the prime factors of l(5)?
19, 23
Suppose 4*j - 16 = 0, -2*j = -2*h - h + 376. Let q = -23 + h. List the prime factors of q.
3, 5, 7
Let x = 13 - 10. Suppose 0 = -k - 4*k + x*b - 56, -5*k + 5*b = 60. Let u = k - -35. List the prime factors of u.
5
Let c be 4/(5/((-45)/6)). What are the prime factors of 2/c + 163/3?
2, 3
Let i be 12/21 - 5007/(-21). Let y = -131 + i. List the prime factors of y.
2, 3
Let w(n) = n**3 - 3*n**2 - n. List the prime factors of w(7).
3, 7
Suppose -z - 3 = -5. Suppose -340 = -5*y - 3*h, -z*y + 106 = h - 30. List the prime factors of y.
2, 17
Suppose -8*f + 1260 = -f. Suppose -4*q + w = -5*q + 78, 4*w + f = 2*q. List the prime factors of q.
2, 41
What are the prime factors of (-8)/(-16)*(-1 + 3593)/4?
449
Suppose -w + 2 = -2. Suppose -o - 8 = -l - 0, -2*o = w*l - 32. Let g(v) = 2*v**2 - 10*v - 11. List the prime factors of g(l).
37
Suppose 0 = 34*u + 405 - 15127. List the prime factors of u.
433
Let j = -318 - -453. Suppose 4*p - j = 89. What are the prime factors of p?
2, 7
Let t = 213 - 137. List the prime factors of t.
2, 19
Let i = 88 - -473. What are the prime factors of i?
3, 11, 17
Suppose 4*j - 412 = -0*j. Suppose 5*i - j = 382. What are the prime factors of i?
97
List the prime factors of (-3 - -1830) + 6 - (-6 - 0).
3, 613
Suppose 4*d = 4, 5*d = -4*b + 2*b - 5. Let w(m) be the second derivative of -m**5/20 - m**4/4 + 5*m**3/6 - 3*m**2/2 - m. What are the prime factors of w(b)?
2, 11
Suppose 9*l - 13*l = 0. Suppose l*a - 4*a = -20. Suppose 0 = i + a*h + 9 - 65, 0 = i - 2*h - 56. What are the prime factors of i?
2, 7
List the prime factors of 55925/10*14/35.
2237
Let z(o) = 19*o**2 + 41*o - 2. What are the prime factors of z(-6)?
2, 109
Let c(k) = k**2 + k - 36. Suppose -3*a = 2*o + o - 36, 2*a = -o + 11. List the prime factors of c(o).
2, 73
Let v be 2/(-4)*10/(-1). Suppose -4*l + v*j = -46, -3*l + 0*j + 44 = j. Suppose l = d + d. List the prime factors of d.
7
List the prime factors of ((-982)/(-2))/((-12 + 8)/(-8)).
2, 491
List the prime factors of (69*(27 - 8))/(6/8).
2, 19, 23
Let n = 108 + -32. Let t be (-1 + 2)/(2/n). Suppose 0 = 4*q - 3*q + 5*g - 30, 0 = -2*q + g + t. List the prime factors of q.
2, 5
Let y = -4 + 9. Suppose 0 = -y*n + 23 - 8. Suppose 0 = -n*x + 2*x + 4. List the prime factors of x.
2
Let u(b) = 9*b + 5. Let p be (1 - -1) + (-2)/2. Suppose -q + 3 = -p. List the prime factors of u(q).
41
Let r = 1706 + -570. What are the prime factors of r?
2, 71
Let q(s) = -s**2 + 45*s - 31. What are the prime factors of q(22)?
5, 19
Suppose 0 = 5*c + 2*h + 108 + 186, -2*c - h - 118 = 0. Let k = -53 - c. What are the prime factors of k?
5
Suppose 0 = 4*s - 3*s - 7. Suppose 0 = s*w - 22 - 55. What are the prime factors of w?
11
Let f = 403 - 136. What are the prime factors of f?
3, 89
Suppose 909 = 8*t - 11*t - 3*w, -2*w = -3*t - 909. Let r = 551 + t. What are the prime factors of r?
2, 31
Suppose 0 = -a - q + 19, 4*a - 22 - 66 = 2*q. Suppose a = 5*d + 1. Suppose d*l = -l + 325. List the prime factors of l.
5, 13
Let x(w) = 7*w + 7. Let n be x(-4). Let k = n - -37. Suppose k = 4*b + 3*s - 46, 0 = 2*b - s - 36. List the prime factors of b.
17
Suppose -3*b + 9 = -2*s - 14, -b = -3*s - 17. Let w = -14 - s. Let r(q) = -9*q - 16. List the prime factors of r(w).
2, 37
List the prime factors of 36/(-234) - (-2 - 28110/26).
3, 19
Let r = -20 - -28. Let b be ((-12)/r)/((-3)/36). Suppose m - 52 = -b. What are the prime factors of m?
2, 17
Suppose -n = -5*f + 2*n + 57, -4*n + 11 = 3*f. Suppose 3*h = -f + 30. What are the prime factors of h?
7
Let j(h) = 34*h - 9. List the prime facto